{"id":25658,"date":"2023-02-08T18:44:49","date_gmt":"2023-02-08T18:44:49","guid":{"rendered":"https:\/\/idepprivados.com\/?page_id=25658"},"modified":"2023-02-08T18:45:36","modified_gmt":"2023-02-08T18:45:36","slug":"creacion-de-un-comite-para-la-formacion-de-un-partido-politico","status":"publish","type":"page","link":"https:\/\/idepprivados.com\/index.php\/creacion-de-un-comite-para-la-formacion-de-un-partido-politico\/","title":{"rendered":"Creacio\u0301n de un Comite\u0301 Para la Formacio\u0301n de un Partido Poli\u0301tico"},"content":{"rendered":"\t\t<div data-elementor-type=\"wp-page\" data-elementor-id=\"25658\" class=\"elementor elementor-25658\" data-elementor-settings=\"{&quot;ha_cmc_init_switcher&quot;:&quot;no&quot;}\">\n\t\t\t\t\t\t<section class=\"elementor-section elementor-top-section elementor-element elementor-element-f137d18 elementor-section-boxed elementor-section-height-default elementor-section-height-default\" data-id=\"f137d18\" data-element_type=\"section\" data-settings=\"{&quot;background_background&quot;:&quot;classic&quot;,&quot;_ha_eqh_enable&quot;:false}\">\n\t\t\t\t\t\t<div class=\"elementor-container elementor-column-gap-default\">\n\t\t\t\t\t<div class=\"elementor-column elementor-col-100 elementor-top-column elementor-element elementor-element-e33f374\" data-id=\"e33f374\" data-element_type=\"column\">\n\t\t\t<div class=\"elementor-widget-wrap elementor-element-populated\">\n\t\t\t\t\t\t<div class=\"elementor-element elementor-element-3d7a8c5 elementor-widget elementor-widget-image\" data-id=\"3d7a8c5\" data-element_type=\"widget\" data-widget_type=\"image.default\">\n\t\t\t\t<div class=\"elementor-widget-container\">\n\t\t\t\t\t\t\t\t\t\t\t\t\t\t\t<img fetchpriority=\"high\" decoding=\"async\" width=\"1214\" height=\"1600\" src=\"https:\/\/idepprivados.com\/wp-content\/uploads\/2023\/02\/WhatsApp-Image-2023-02-08-at-12.16.49-PM-1.jpeg\" class=\"attachment-full size-full wp-image-25634\" alt=\"\" srcset=\"https:\/\/idepprivados.com\/wp-content\/uploads\/2023\/02\/WhatsApp-Image-2023-02-08-at-12.16.49-PM-1.jpeg 1214w, https:\/\/idepprivados.com\/wp-content\/uploads\/2023\/02\/WhatsApp-Image-2023-02-08-at-12.16.49-PM-1-600x791.jpeg 600w, https:\/\/idepprivados.com\/wp-content\/uploads\/2023\/02\/WhatsApp-Image-2023-02-08-at-12.16.49-PM-1-228x300.jpeg 228w, https:\/\/idepprivados.com\/wp-content\/uploads\/2023\/02\/WhatsApp-Image-2023-02-08-at-12.16.49-PM-1-777x1024.jpeg 777w, https:\/\/idepprivados.com\/wp-content\/uploads\/2023\/02\/WhatsApp-Image-2023-02-08-at-12.16.49-PM-1-768x1012.jpeg 768w, https:\/\/idepprivados.com\/wp-content\/uploads\/2023\/02\/WhatsApp-Image-2023-02-08-at-12.16.49-PM-1-1165x1536.jpeg 1165w\" sizes=\"(max-width: 1214px) 100vw, 1214px\" \/>\t\t\t\t\t\t\t\t\t\t\t\t\t\t\t<\/div>\n\t\t\t\t<\/div>\n\t\t\t\t<div class=\"elementor-element elementor-element-a04936a elementor-widget elementor-widget-text-editor\" data-id=\"a04936a\" data-element_type=\"widget\" data-widget_type=\"text-editor.default\">\n\t\t\t\t<div class=\"elementor-widget-container\">\n\t\t\t\t\t\t\t\t\t<p><strong>Sab\u00edas que previo a que exista un Partido Pol\u00edtico debe constituirse un Comit\u00e9 para la formaci\u00f3n del mismo<\/strong>\ud83e\uddcd\ud83c\udffb\ud83e\uddcd\ud83c\udffb\u200d\u2642\ufe0f\ud83e\uddcd\ud83c\udffb\u200d\u2640\ufe0f\ud83e\uddcd\ud83c\udffb\u200d\u2640\ufe0f\ud83e\uddcd\ud83c\udffb\u200d\u2640\ufe0f\ud83d\udc6b\ud83d\udc69\ud83c\udffb\u200d\ud83e\udd1d\u200d\ud83d\udc68\ud83c\udffc<\/p><p>\ud83d\udd38Te compartimos en forma de esquema el tr\u00e1mite para la creaci\u00f3n de un Comit\u00e9 para la Constituci\u00f3n de un Partido Pol\u00edtico (con y sin incidencias) de conformidad con lo regulado en el Decreto 1-85 Ley Electoral y de Partidos Pol\u00edticos\ud83d\udcd6<\/p><p>\ud83d\udcccTe invitamos a que sigas y compartas nuestras redes sociales que posteriormente compartiremos la Constituci\u00f3n e Inscripci\u00f3n de un Partido Pol\u00edtico.<\/p>\t\t\t\t\t\t\t\t<\/div>\n\t\t\t\t<\/div>\n\t\t\t\t<div class=\"elementor-element elementor-element-54d65b3 elementor-widget elementor-widget-text-editor\" data-id=\"54d65b3\" data-element_type=\"widget\" data-widget_type=\"text-editor.default\">\n\t\t\t\t<div class=\"elementor-widget-container\">\n\t\t\t\t\t\t\t\t\t452 lecturas\t\t\t\t\t\t\t\t<\/div>\n\t\t\t\t<\/div>\n\t\t\t\t\t<\/div>\n\t\t<\/div>\n\t\t\t\t\t<\/div>\n\t\t<\/section>\n\t\t\t\t<section class=\"elementor-section elementor-top-section elementor-element elementor-element-188c976 elementor-section-boxed elementor-section-height-default elementor-section-height-default\" data-id=\"188c976\" data-element_type=\"section\" data-settings=\"{&quot;_ha_eqh_enable&quot;:false}\">\n\t\t\t\t\t\t<div class=\"elementor-container elementor-column-gap-default\">\n\t\t\t\t\t<div class=\"elementor-column elementor-col-100 elementor-top-column elementor-element elementor-element-d880047\" data-id=\"d880047\" data-element_type=\"column\">\n\t\t\t<div class=\"elementor-widget-wrap elementor-element-populated\">\n\t\t\t\t\t\t<section class=\"elementor-section elementor-inner-section elementor-element elementor-element-a0b7c0c elementor-section-full_width elementor-section-content-middle elementor-section-height-default elementor-section-height-default\" data-id=\"a0b7c0c\" data-element_type=\"section\" data-settings=\"{&quot;_ha_eqh_enable&quot;:false}\">\n\t\t\t\t\t\t<div class=\"elementor-container elementor-column-gap-default\">\n\t\t\t\t\t<div class=\"elementor-column elementor-col-50 elementor-inner-column elementor-element elementor-element-369d369\" data-id=\"369d369\" data-element_type=\"column\" data-settings=\"{&quot;background_background&quot;:&quot;classic&quot;}\">\n\t\t\t<div class=\"elementor-widget-wrap elementor-element-populated\">\n\t\t\t\t\t\t<div class=\"elementor-element elementor-element-3c54f75 elementor-view-framed elementor-position-right elementor-shape-circle elementor-mobile-position-top elementor-vertical-align-top elementor-widget elementor-widget-icon-box\" data-id=\"3c54f75\" data-element_type=\"widget\" data-widget_type=\"icon-box.default\">\n\t\t\t\t<div class=\"elementor-widget-container\">\n\t\t\t\t\t\t\t<div class=\"elementor-icon-box-wrapper\">\n\n\t\t\t\t\t\t<div class=\"elementor-icon-box-icon\">\n\t\t\t\t<span  class=\"elementor-icon\">\n\t\t\t\t<i aria-hidden=\"true\" class=\"far fa-folder-open\"><\/i>\t\t\t\t<\/span>\n\t\t\t<\/div>\n\t\t\t\n\t\t\t\n\t\t<\/div>\n\t\t\t\t\t\t<\/div>\n\t\t\t\t<\/div>\n\t\t\t\t<div class=\"elementor-element elementor-element-6333f6d elementor-widget elementor-widget-text-editor\" data-id=\"6333f6d\" data-element_type=\"widget\" data-widget_type=\"text-editor.default\">\n\t\t\t\t<div class=\"elementor-widget-container\">\n\t\t\t\t\t\t\t\t\t<a href=\"https:\/\/idepprivados.com\/wp-content\/uploads\/2023\/02\/Creacio\u0301n-de-un-Comite\u0301-Para-la-Formacio\u0301n-de-un-Partido-Poli\u0301tico-con-incidencias.pdf\" class=\"pdfemb-viewer\" style=\"\" data-width=\"max\" data-height=\"max\" data-toolbar=\"both\" data-toolbar-fixed=\"off\">Creacio\u0301n de un Comite\u0301 Para la Formacio\u0301n de un Partido Poli\u0301tico con incidencias<\/a>\t\t\t\t\t\t\t\t<\/div>\n\t\t\t\t<\/div>\n\t\t\t\t<div class=\"elementor-element elementor-element-9ed4e38 elementor-align-center elementor-widget elementor-widget-button\" data-id=\"9ed4e38\" data-element_type=\"widget\" data-widget_type=\"button.default\">\n\t\t\t\t<div class=\"elementor-widget-container\">\n\t\t\t\t\t\t\t\t\t<div class=\"elementor-button-wrapper\">\n\t\t\t\t\t<a class=\"elementor-button elementor-button-link elementor-size-sm\" href=\"https:\/\/idepprivados.com\/wp-content\/uploads\/2023\/02\/Creacio\u0301n-de-un-Comite\u0301-Para-la-Formacio\u0301n-de-un-Partido-Poli\u0301tico-con-incidencias.pdf\">\n\t\t\t\t\t\t<span class=\"elementor-button-content-wrapper\">\n\t\t\t\t\t\t\t\t\t<span class=\"elementor-button-text\">Descargar<\/span>\n\t\t\t\t\t<\/span>\n\t\t\t\t\t<\/a>\n\t\t\t\t<\/div>\n\t\t\t\t\t\t\t\t<\/div>\n\t\t\t\t<\/div>\n\t\t\t\t\t<\/div>\n\t\t<\/div>\n\t\t\t\t<div class=\"elementor-column elementor-col-50 elementor-inner-column elementor-element elementor-element-7ab7690\" data-id=\"7ab7690\" data-element_type=\"column\" data-settings=\"{&quot;background_background&quot;:&quot;classic&quot;}\">\n\t\t\t<div class=\"elementor-widget-wrap elementor-element-populated\">\n\t\t\t\t\t\t<div class=\"elementor-element elementor-element-e583b20 elementor-view-framed elementor-position-right elementor-shape-circle elementor-mobile-position-top elementor-vertical-align-top elementor-widget elementor-widget-icon-box\" data-id=\"e583b20\" data-element_type=\"widget\" data-widget_type=\"icon-box.default\">\n\t\t\t\t<div class=\"elementor-widget-container\">\n\t\t\t\t\t\t\t<div class=\"elementor-icon-box-wrapper\">\n\n\t\t\t\t\t\t<div class=\"elementor-icon-box-icon\">\n\t\t\t\t<span  class=\"elementor-icon\">\n\t\t\t\t<i aria-hidden=\"true\" class=\"far fa-folder-open\"><\/i>\t\t\t\t<\/span>\n\t\t\t<\/div>\n\t\t\t\n\t\t\t\n\t\t<\/div>\n\t\t\t\t\t\t<\/div>\n\t\t\t\t<\/div>\n\t\t\t\t<div class=\"elementor-element elementor-element-34da015 elementor-widget elementor-widget-text-editor\" data-id=\"34da015\" data-element_type=\"widget\" data-widget_type=\"text-editor.default\">\n\t\t\t\t<div class=\"elementor-widget-container\">\n\t\t\t\t\t\t\t\t\t<a href=\"https:\/\/idepprivados.com\/wp-content\/uploads\/2023\/02\/Creacio\u0301n-de-un-Comite\u0301-Para-la-Formacio\u0301n-de-un-Partido-Poli\u0301tico.pdf\" class=\"pdfemb-viewer\" style=\"\" data-width=\"max\" data-height=\"max\" data-toolbar=\"both\" data-toolbar-fixed=\"off\">Creacio\u0301n de un Comite\u0301 Para la Formacio\u0301n de un Partido Poli\u0301tico<\/a>\t\t\t\t\t\t\t\t<\/div>\n\t\t\t\t<\/div>\n\t\t\t\t<div class=\"elementor-element elementor-element-2a7f39f elementor-align-center elementor-widget elementor-widget-button\" data-id=\"2a7f39f\" data-element_type=\"widget\" data-widget_type=\"button.default\">\n\t\t\t\t<div class=\"elementor-widget-container\">\n\t\t\t\t\t\t\t\t\t<div class=\"elementor-button-wrapper\">\n\t\t\t\t\t<a class=\"elementor-button elementor-button-link elementor-size-sm\" href=\"https:\/\/idepprivados.com\/wp-content\/uploads\/2023\/02\/Creacio\u0301n-de-un-Comite\u0301-Para-la-Formacio\u0301n-de-un-Partido-Poli\u0301tico.pdf\">\n\t\t\t\t\t\t<span class=\"elementor-button-content-wrapper\">\n\t\t\t\t\t\t\t\t\t<span class=\"elementor-button-text\">Descargar<\/span>\n\t\t\t\t\t<\/span>\n\t\t\t\t\t<\/a>\n\t\t\t\t<\/div>\n\t\t\t\t\t\t\t\t<\/div>\n\t\t\t\t<\/div>\n\t\t\t\t\t<\/div>\n\t\t<\/div>\n\t\t\t\t\t<\/div>\n\t\t<\/section>\n\t\t\t\t\t<\/div>\n\t\t<\/div>\n\t\t\t\t\t<\/div>\n\t\t<\/section>\n\t\t\t\t<\/div>\n\t\t","protected":false},"excerpt":{"rendered":"<p>Sab\u00edas que previo a que exista un Partido Pol\u00edtico debe constituirse un Comit\u00e9 para la formaci\u00f3n del mismo????????????????\u200d\u2642\ufe0f????????\u200d\u2640\ufe0f????????\u200d\u2640\ufe0f????????\u200d\u2640\ufe0f????????????\u200d????\u200d???????? ????Te compartimos en forma de esquema el tr\u00e1mite para la creaci\u00f3n de un Comit\u00e9 para la Constituci\u00f3n de un Partido Pol\u00edtico (con y sin incidencias) de conformidad con lo regulado en el Decreto 1-85 Ley Electoral y [&hellip;]<\/p>\n","protected":false},"author":1,"featured_media":0,"parent":0,"menu_order":0,"comment_status":"closed","ping_status":"closed","template":"","meta":{"_eb_attr":"","site-sidebar-layout":"no-sidebar","site-content-layout":"page-builder","ast-site-content-layout":"","site-content-style":"default","site-sidebar-style":"default","ast-global-header-display":"","ast-banner-title-visibility":"","ast-main-header-display":"","ast-hfb-above-header-display":"","ast-hfb-below-header-display":"","ast-hfb-mobile-header-display":"","site-post-title":"disabled","ast-breadcrumbs-content":"","ast-featured-img":"disabled","footer-sml-layout":"","theme-transparent-header-meta":"","adv-header-id-meta":"","stick-header-meta":"","header-above-stick-meta":"","header-main-stick-meta":"","header-below-stick-meta":"","astra-migrate-meta-layouts":"default","ast-page-background-enabled":"default","ast-page-background-meta":{"desktop":{"background-color":"","background-image":"","background-repeat":"repeat","background-position":"center center","background-size":"auto","background-attachment":"scroll","background-type":"","background-media":"","overlay-type":"","overlay-color":"","overlay-opacity":"","overlay-gradient":""},"tablet":{"background-color":"","background-image":"","background-repeat":"repeat","background-position":"center center","background-size":"auto","background-attachment":"scroll","background-type":"","background-media":"","overlay-type":"","overlay-color":"","overlay-opacity":"","overlay-gradient":""},"mobile":{"background-color":"","background-image":"","background-repeat":"repeat","background-position":"center center","background-size":"auto","background-attachment":"scroll","background-type":"","background-media":"","overlay-type":"","overlay-color":"","overlay-opacity":"","overlay-gradient":""}},"ast-content-background-meta":{"desktop":{"background-color":"var(--ast-global-color-5)","background-image":"","background-repeat":"repeat","background-position":"center center","background-size":"auto","background-attachment":"scroll","background-type":"","background-media":"","overlay-type":"","overlay-color":"","overlay-opacity":"","overlay-gradient":""},"tablet":{"background-color":"var(--ast-global-color-5)","background-image":"","background-repeat":"repeat","background-position":"center center","background-size":"auto","background-attachment":"scroll","background-type":"","background-media":"","overlay-type":"","overlay-color":"","overlay-opacity":"","overlay-gradient":""},"mobile":{"background-color":"var(--ast-global-color-5)","background-image":"","background-repeat":"repeat","background-position":"center center","background-size":"auto","background-attachment":"scroll","background-type":"","background-media":"","overlay-type":"","overlay-color":"","overlay-opacity":"","overlay-gradient":""}},"_joinchat":[],"footnotes":""},"class_list":["post-25658","page","type-page","status-publish","hentry"],"yoast_head":"<!-- This site is optimized with the Yoast SEO plugin v25.2 - https:\/\/yoast.com\/wordpress\/plugins\/seo\/ -->\n<title>Creacio\u0301n de un Comite\u0301 Para la Formacio\u0301n de un Partido Poli\u0301tico &#8211; IDEP - Instituto de Preparaci\u00f3n de Privados<\/title>\n<meta name=\"robots\" content=\"index, follow, max-snippet:-1, max-image-preview:large, max-video-preview:-1\" \/>\n<link rel=\"canonical\" href=\"https:\/\/idepprivados.com\/index.php\/creacion-de-un-comite-para-la-formacion-de-un-partido-politico\/\" \/>\n<meta property=\"og:locale\" content=\"es_ES\" \/>\n<meta property=\"og:type\" content=\"article\" \/>\n<meta property=\"og:title\" content=\"Creacio\u0301n de un Comite\u0301 Para la Formacio\u0301n de un Partido Poli\u0301tico &#8211; IDEP - Instituto de Preparaci\u00f3n de Privados\" \/>\n<meta property=\"og:description\" content=\"Sab\u00edas que previo a que exista un Partido Pol\u00edtico debe constituirse un Comit\u00e9 para la formaci\u00f3n del mismo????????????????\u200d\u2642\ufe0f????????\u200d\u2640\ufe0f????????\u200d\u2640\ufe0f????????\u200d\u2640\ufe0f????????????\u200d????\u200d???????? ????Te compartimos en forma de esquema el tr\u00e1mite para la creaci\u00f3n de un Comit\u00e9 para la Constituci\u00f3n de un Partido Pol\u00edtico (con y sin incidencias) de conformidad con lo regulado en el Decreto 1-85 Ley Electoral y [&hellip;]\" \/>\n<meta property=\"og:url\" content=\"https:\/\/idepprivados.com\/index.php\/creacion-de-un-comite-para-la-formacion-de-un-partido-politico\/\" \/>\n<meta property=\"og:site_name\" content=\"IDEP - Instituto de Preparaci\u00f3n de Privados\" \/>\n<meta property=\"article:publisher\" content=\"https:\/\/www.facebook.com\/profile.php?id=100086724848823\" \/>\n<meta property=\"article:modified_time\" content=\"2023-02-08T18:45:36+00:00\" \/>\n<meta property=\"og:image\" content=\"https:\/\/idepprivados.com\/wp-content\/uploads\/2023\/02\/WhatsApp-Image-2023-02-08-at-12.16.49-PM-1.jpeg\" \/>\n<meta name=\"twitter:card\" content=\"summary_large_image\" \/>\n<script type=\"application\/ld+json\" class=\"yoast-schema-graph\">{\"@context\":\"https:\/\/schema.org\",\"@graph\":[{\"@type\":\"WebPage\",\"@id\":\"https:\/\/idepprivados.com\/index.php\/creacion-de-un-comite-para-la-formacion-de-un-partido-politico\/\",\"url\":\"https:\/\/idepprivados.com\/index.php\/creacion-de-un-comite-para-la-formacion-de-un-partido-politico\/\",\"name\":\"Creacio\u0301n de un Comite\u0301 Para la Formacio\u0301n de un Partido Poli\u0301tico &#8211; IDEP - Instituto de Preparaci\u00f3n de Privados\",\"isPartOf\":{\"@id\":\"https:\/\/idepprivados.com\/#website\"},\"primaryImageOfPage\":{\"@id\":\"https:\/\/idepprivados.com\/index.php\/creacion-de-un-comite-para-la-formacion-de-un-partido-politico\/#primaryimage\"},\"image\":{\"@id\":\"https:\/\/idepprivados.com\/index.php\/creacion-de-un-comite-para-la-formacion-de-un-partido-politico\/#primaryimage\"},\"thumbnailUrl\":\"https:\/\/idepprivados.com\/wp-content\/uploads\/2023\/02\/WhatsApp-Image-2023-02-08-at-12.16.49-PM-1.jpeg\",\"datePublished\":\"2023-02-08T18:44:49+00:00\",\"dateModified\":\"2023-02-08T18:45:36+00:00\",\"breadcrumb\":{\"@id\":\"https:\/\/idepprivados.com\/index.php\/creacion-de-un-comite-para-la-formacion-de-un-partido-politico\/#breadcrumb\"},\"inLanguage\":\"es\",\"potentialAction\":[{\"@type\":\"ReadAction\",\"target\":[\"https:\/\/idepprivados.com\/index.php\/creacion-de-un-comite-para-la-formacion-de-un-partido-politico\/\"]}]},{\"@type\":\"ImageObject\",\"inLanguage\":\"es\",\"@id\":\"https:\/\/idepprivados.com\/index.php\/creacion-de-un-comite-para-la-formacion-de-un-partido-politico\/#primaryimage\",\"url\":\"https:\/\/idepprivados.com\/wp-content\/uploads\/2023\/02\/WhatsApp-Image-2023-02-08-at-12.16.49-PM-1.jpeg\",\"contentUrl\":\"https:\/\/idepprivados.com\/wp-content\/uploads\/2023\/02\/WhatsApp-Image-2023-02-08-at-12.16.49-PM-1.jpeg\",\"width\":1214,\"height\":1600},{\"@type\":\"BreadcrumbList\",\"@id\":\"https:\/\/idepprivados.com\/index.php\/creacion-de-un-comite-para-la-formacion-de-un-partido-politico\/#breadcrumb\",\"itemListElement\":[{\"@type\":\"ListItem\",\"position\":1,\"name\":\"Portada\",\"item\":\"https:\/\/idepprivados.com\/\"},{\"@type\":\"ListItem\",\"position\":2,\"name\":\"Creacio\u0301n de un Comite\u0301 Para la Formacio\u0301n de un Partido Poli\u0301tico\"}]},{\"@type\":\"WebSite\",\"@id\":\"https:\/\/idepprivados.com\/#website\",\"url\":\"https:\/\/idepprivados.com\/\",\"name\":\"IDEP - Instituto de Preparaci\u00f3n de Privados\",\"description\":\"Instituto de Preparaci\u00f3n de Privados\",\"publisher\":{\"@id\":\"https:\/\/idepprivados.com\/#organization\"},\"potentialAction\":[{\"@type\":\"SearchAction\",\"target\":{\"@type\":\"EntryPoint\",\"urlTemplate\":\"https:\/\/idepprivados.com\/?s={search_term_string}\"},\"query-input\":{\"@type\":\"PropertyValueSpecification\",\"valueRequired\":true,\"valueName\":\"search_term_string\"}}],\"inLanguage\":\"es\"},{\"@type\":\"Organization\",\"@id\":\"https:\/\/idepprivados.com\/#organization\",\"name\":\"IDEP - Instituto de Preparaci\u00f3n de Privados\",\"url\":\"https:\/\/idepprivados.com\/\",\"logo\":{\"@type\":\"ImageObject\",\"inLanguage\":\"es\",\"@id\":\"https:\/\/idepprivados.com\/#\/schema\/logo\/image\/\",\"url\":\"https:\/\/idepprivados.com\/wp-content\/uploads\/2022\/10\/idep-02-4.png\",\"contentUrl\":\"https:\/\/idepprivados.com\/wp-content\/uploads\/2022\/10\/idep-02-4.png\",\"width\":2182,\"height\":2250,\"caption\":\"IDEP - Instituto de Preparaci\u00f3n de Privados\"},\"image\":{\"@id\":\"https:\/\/idepprivados.com\/#\/schema\/logo\/image\/\"},\"sameAs\":[\"https:\/\/www.facebook.com\/profile.php?id=100086724848823\"]}]}<\/script>\n<!-- \/ Yoast SEO plugin. -->","yoast_head_json":{"title":"Creacio\u0301n de un Comite\u0301 Para la Formacio\u0301n de un Partido Poli\u0301tico &#8211; IDEP - Instituto de Preparaci\u00f3n de Privados","robots":{"index":"index","follow":"follow","max-snippet":"max-snippet:-1","max-image-preview":"max-image-preview:large","max-video-preview":"max-video-preview:-1"},"canonical":"https:\/\/idepprivados.com\/index.php\/creacion-de-un-comite-para-la-formacion-de-un-partido-politico\/","og_locale":"es_ES","og_type":"article","og_title":"Creacio\u0301n de un Comite\u0301 Para la Formacio\u0301n de un Partido Poli\u0301tico &#8211; IDEP - Instituto de Preparaci\u00f3n de Privados","og_description":"Sab\u00edas que previo a que exista un Partido Pol\u00edtico debe constituirse un Comit\u00e9 para la formaci\u00f3n del mismo????????????????\u200d\u2642\ufe0f????????\u200d\u2640\ufe0f????????\u200d\u2640\ufe0f????????\u200d\u2640\ufe0f????????????\u200d????\u200d???????? ????Te compartimos en forma de esquema el tr\u00e1mite para la creaci\u00f3n de un Comit\u00e9 para la Constituci\u00f3n de un Partido Pol\u00edtico (con y sin incidencias) de conformidad con lo regulado en el Decreto 1-85 Ley Electoral y [&hellip;]","og_url":"https:\/\/idepprivados.com\/index.php\/creacion-de-un-comite-para-la-formacion-de-un-partido-politico\/","og_site_name":"IDEP - Instituto de Preparaci\u00f3n de Privados","article_publisher":"https:\/\/www.facebook.com\/profile.php?id=100086724848823","article_modified_time":"2023-02-08T18:45:36+00:00","og_image":[{"url":"https:\/\/idepprivados.com\/wp-content\/uploads\/2023\/02\/WhatsApp-Image-2023-02-08-at-12.16.49-PM-1.jpeg","type":"","width":"","height":""}],"twitter_card":"summary_large_image","schema":{"@context":"https:\/\/schema.org","@graph":[{"@type":"WebPage","@id":"https:\/\/idepprivados.com\/index.php\/creacion-de-un-comite-para-la-formacion-de-un-partido-politico\/","url":"https:\/\/idepprivados.com\/index.php\/creacion-de-un-comite-para-la-formacion-de-un-partido-politico\/","name":"Creacio\u0301n de un Comite\u0301 Para la Formacio\u0301n de un Partido Poli\u0301tico &#8211; IDEP - Instituto de Preparaci\u00f3n de Privados","isPartOf":{"@id":"https:\/\/idepprivados.com\/#website"},"primaryImageOfPage":{"@id":"https:\/\/idepprivados.com\/index.php\/creacion-de-un-comite-para-la-formacion-de-un-partido-politico\/#primaryimage"},"image":{"@id":"https:\/\/idepprivados.com\/index.php\/creacion-de-un-comite-para-la-formacion-de-un-partido-politico\/#primaryimage"},"thumbnailUrl":"https:\/\/idepprivados.com\/wp-content\/uploads\/2023\/02\/WhatsApp-Image-2023-02-08-at-12.16.49-PM-1.jpeg","datePublished":"2023-02-08T18:44:49+00:00","dateModified":"2023-02-08T18:45:36+00:00","breadcrumb":{"@id":"https:\/\/idepprivados.com\/index.php\/creacion-de-un-comite-para-la-formacion-de-un-partido-politico\/#breadcrumb"},"inLanguage":"es","potentialAction":[{"@type":"ReadAction","target":["https:\/\/idepprivados.com\/index.php\/creacion-de-un-comite-para-la-formacion-de-un-partido-politico\/"]}]},{"@type":"ImageObject","inLanguage":"es","@id":"https:\/\/idepprivados.com\/index.php\/creacion-de-un-comite-para-la-formacion-de-un-partido-politico\/#primaryimage","url":"https:\/\/idepprivados.com\/wp-content\/uploads\/2023\/02\/WhatsApp-Image-2023-02-08-at-12.16.49-PM-1.jpeg","contentUrl":"https:\/\/idepprivados.com\/wp-content\/uploads\/2023\/02\/WhatsApp-Image-2023-02-08-at-12.16.49-PM-1.jpeg","width":1214,"height":1600},{"@type":"BreadcrumbList","@id":"https:\/\/idepprivados.com\/index.php\/creacion-de-un-comite-para-la-formacion-de-un-partido-politico\/#breadcrumb","itemListElement":[{"@type":"ListItem","position":1,"name":"Portada","item":"https:\/\/idepprivados.com\/"},{"@type":"ListItem","position":2,"name":"Creacio\u0301n de un Comite\u0301 Para la Formacio\u0301n de un Partido Poli\u0301tico"}]},{"@type":"WebSite","@id":"https:\/\/idepprivados.com\/#website","url":"https:\/\/idepprivados.com\/","name":"IDEP - Instituto de Preparaci\u00f3n de Privados","description":"Instituto de Preparaci\u00f3n de Privados","publisher":{"@id":"https:\/\/idepprivados.com\/#organization"},"potentialAction":[{"@type":"SearchAction","target":{"@type":"EntryPoint","urlTemplate":"https:\/\/idepprivados.com\/?s={search_term_string}"},"query-input":{"@type":"PropertyValueSpecification","valueRequired":true,"valueName":"search_term_string"}}],"inLanguage":"es"},{"@type":"Organization","@id":"https:\/\/idepprivados.com\/#organization","name":"IDEP - Instituto de Preparaci\u00f3n de Privados","url":"https:\/\/idepprivados.com\/","logo":{"@type":"ImageObject","inLanguage":"es","@id":"https:\/\/idepprivados.com\/#\/schema\/logo\/image\/","url":"https:\/\/idepprivados.com\/wp-content\/uploads\/2022\/10\/idep-02-4.png","contentUrl":"https:\/\/idepprivados.com\/wp-content\/uploads\/2022\/10\/idep-02-4.png","width":2182,"height":2250,"caption":"IDEP - Instituto de Preparaci\u00f3n de Privados"},"image":{"@id":"https:\/\/idepprivados.com\/#\/schema\/logo\/image\/"},"sameAs":["https:\/\/www.facebook.com\/profile.php?id=100086724848823"]}]}},"_links":{"self":[{"href":"https:\/\/idepprivados.com\/index.php\/wp-json\/wp\/v2\/pages\/25658","targetHints":{"allow":["GET"]}}],"collection":[{"href":"https:\/\/idepprivados.com\/index.php\/wp-json\/wp\/v2\/pages"}],"about":[{"href":"https:\/\/idepprivados.com\/index.php\/wp-json\/wp\/v2\/types\/page"}],"author":[{"embeddable":true,"href":"https:\/\/idepprivados.com\/index.php\/wp-json\/wp\/v2\/users\/1"}],"replies":[{"embeddable":true,"href":"https:\/\/idepprivados.com\/index.php\/wp-json\/wp\/v2\/comments?post=25658"}],"version-history":[{"count":4,"href":"https:\/\/idepprivados.com\/index.php\/wp-json\/wp\/v2\/pages\/25658\/revisions"}],"predecessor-version":[{"id":25662,"href":"https:\/\/idepprivados.com\/index.php\/wp-json\/wp\/v2\/pages\/25658\/revisions\/25662"}],"wp:attachment":[{"href":"https:\/\/idepprivados.com\/index.php\/wp-json\/wp\/v2\/media?parent=25658"}],"curies":[{"name":"wp","href":"https:\/\/api.w.org\/{rel}","templated":true}]}}